 the greatest common divisor of q and 20.
4
Let d be 1*(-99 + -3)/(-1). Let y be d/27 - (-2)/9. Let v(u) = 31*u + 4. Let t be v(y). What is the highest common factor of t and 16?
16
Suppose 3 = -g + 5. Suppose -4*k = 4*a - 36, 5*a + 9 + 30 = k. Calculate the greatest common factor of k and g.
2
Let m = 21 - 16. Suppose m*f - 44 = 276. Calculate the greatest common divisor of 8 and f.
8
Let g(r) be the first derivative of r**4/4 + 3*r**3 + r**2/2 + 6*r - 1. Let u be g(-6). Calculate the highest common factor of 12 and u.
12
Let n be 1*-2 - (-7 - -4). Calculate the highest common factor of n and 1.
1
Let s be ((-3)/(-5))/((-3)/15). Let p be (5 - 2)/s + 11. What is the highest common divisor of 90 and p?
10
Suppose -y = -2*n - 8, 0 + 8 = -2*n + 3*y. Suppose 5 = x + 5*v, 0 = -6*x + 3*x - 5*v + 15. Let h = n + x. What is the greatest common factor of 11 and h?
1
Suppose q - 15 = 1. Let x be 32*(-5)/(-15)*6. What is the highest common factor of q and x?
16
Let b be -4*(-1)/2 + 43. Suppose 7*f = 12*f - b. What is the highest common divisor of f and 36?
9
Suppose -u + 2*m - 5 = 0, -2*m + 2 = -2*u - 2. Calculate the greatest common divisor of 8 and u.
1
Suppose 3*g = 3*c + 4 + 20, 3*g - 24 = -c. What is the greatest common factor of 8 and g?
8
Suppose 32 = 6*j - 58. Let r be (-2)/6 - 722/(-6). What is the greatest common divisor of j and r?
15
Let z(q) = 4*q**3 + 2*q**2 - 2*q + 1. Let k be z(2). Let h = k - 22. Let t = 23 - h. Calculate the highest common divisor of t and 2.
2
Let l = 5 + 3. What is the highest common factor of l and 16?
8
Let r be (2 - -3)*16/10. Suppose -5*b = -b - r. Suppose -5*w - 2*z + 224 = -3*z, b*z = -w + 47. Calculate the highest common factor of w and 9.
9
Let g be 2/(8/6)*34. Let w be 2/6 + g/9. Let t be 12/(-18) + 34/w. Calculate the greatest common divisor of t and 30.
5
Suppose w + 5*m = 29, 15 + 6 = w + 3*m. What is the highest common divisor of w and 9?
9
Suppose 2*u + 5 = 3*u. Suppose -4*n + 3 = -2*y - n, -y + 18 = u*n. Suppose 0 = -y*j - 0*j, -4*c = j - 132. Calculate the highest common factor of 11 and c.
11
Suppose 0*y - 3*y = -48. Suppose 2*p - 4*g + 3*g - 116 = 0, 0 = 4*g - y. What is the greatest common divisor of p and 12?
12
Let g(w) = -13*w - 9. Let r be g(7). Let f = r - -243. What is the greatest common divisor of f and 13?
13
Let d = 70 + -20. Suppose -3*i + d = 2*i. Let u be 0 + (-1 - 1) + 72. What is the highest common divisor of u and i?
10
Suppose 2*z + 3*p - 25 = 27, 4*p + 66 = 2*z. Let u = z + -2. Calculate the highest common factor of u and 135.
27
Let w(z) = 3*z**2 + 6*z - 9. Let f be w(5). What is the greatest common factor of 32 and f?
32
Suppose 4*j - 84 = 4*g, -5*j - 2*g + 3*g = -93. Let r = 25 - j. Let p be (3 + -6 - -1) + 65. What is the greatest common divisor of p and r?
7
Let c be -11*(5 - 4)*-3. Let h(n) = n**3 - 2*n**2 - 3*n + 3. Let j be h(3). What is the greatest common divisor of c and j?
3
Let t be 3/(-3)*3/(-3). Suppose 3*o = 2*v + 10, 0 = v - t. Let j be 24/(-6)*2*-1. Calculate the greatest common factor of j and o.
4
Let g = -4 + 7. Let o(l) = 2*l**2 + 5*l - 3. Let b be o(-4). Let c be g/b + 52/6. What is the greatest common factor of 27 and c?
9
Let d(z) = -z**3 + 9*z**2 + 6. Let n be d(9). Suppose -x = 5*v - 58, 5*x = 4*x - 3*v + 54. Calculate the highest common factor of n and x.
6
Let j(v) = -97*v - 21*v - 1 + 7*v. Let i be j(-1). What is the highest common divisor of i and 10?
10
Let g = -78 + 114. Calculate the highest common divisor of g and 24.
12
Let w be 8*(3/(-6) + 3). What is the highest common factor of 180 and w?
20
Let k(l) = 75*l. Let f be k(1). Let w = -15 + 23. Let n be (6/(-5))/(w/(-100)). Calculate the greatest common divisor of n and f.
15
Let z(m) = 3*m - 25. Let g be z(13). Calculate the greatest common divisor of 91 and g.
7
Let l be (-348)/(-20) - 3/(-5). Calculate the highest common divisor of l and 6.
6
Let p = -25 + 16. Let j = -3 - p. Calculate the highest common factor of j and 9.
3
Let p = -50 - -80. Calculate the highest common divisor of p and 20.
10
Let f = 13 + 4. Suppose 0 = -2*i + 3*s + 130, -60 = -3*i + 2*i + 4*s. What is the greatest common factor of i and f?
17
Suppose 0 = 5*k - 25, q - 3*k - 14 = 11. What is the highest common divisor of 5 and q?
5
Let o = -1 + 3. Suppose -5*u + o*u + 6 = 0. Suppose 33 = w + u*w. What is the greatest common factor of w and 11?
11
Let g = -23 - -63. Calculate the highest common factor of g and 8.
8
Let o be 4*5 + 1 + 0. Let x = 29 + -17. Suppose -2*p + x = -2. What is the highest common factor of p and o?
7
Let m = -6 - -50. Calculate the greatest common divisor of 66 and m.
22
Suppose 7*g - 60 = 5*g. What is the greatest common divisor of 15 and g?
15
Let j = -56 + 62. What is the highest common divisor of j and 1?
1
Let c(f) = -14*f + 12. Let h be c(-15). Suppose -h = -3*z + 108. Calculate the highest common factor of z and 22.
22
Let x(w) = -3*w**3 - w**2 - 2*w. Let n be x(-2). Suppose -n + 4 = -4*i. What is the highest common divisor of i and 20?
5
Let l(y) = y**3 + 16*y**2 + 19*y - 14. Let k be l(-10). Calculate the highest common factor of k and 12.
12
Suppose 0 = 6*i - 3*i - 21. Calculate the highest common factor of i and 168.
7
Let m be -10 + (-3)/(-2)*-2. Let v be (-3 + 3 + m)*-1. What is the highest common divisor of v and 104?
13
Let b be 306/54 + 1/3. What is the greatest common divisor of 12 and b?
6
Let g(c) = 2*c**2 + 2*c + 35. Let l be g(-5). What is the highest common factor of 25 and l?
25
Let x = -78 - -169. Suppose 4*y = -0*d + 3*d - 27, 4*d - 5*y - 37 = 0. Calculate the greatest common divisor of x and d.
13
Let g(m) = m - 8*m**3 - m**2 + 0*m**2 + m**3. Let c be g(1). Let l be (2*c)/(-1) + 1. Calculate the highest common factor of 105 and l.
15
Suppose -33 = -3*c - 2*k, -3*k + 2*k = -4*c + 33. Calculate the greatest common factor of 2 and c.
1
Let s = 16 - -3. Suppose 2*n - s - 29 = 0. What is the highest common divisor of 12 and n?
12
Let k(t) = t + 1. Let l be k(8). Let w be (-9)/4*(-120)/l. What is the greatest common divisor of 6 and w?
6
Let r = -13 + 27. Let f be 332/12 - 1/(-3). Calculate the highest common factor of r and f.
14
Suppose 3*s = -b + 108, -5*b - 3*s = -s - 592. Calculate the greatest common divisor of b and 24.
24
Let h(p) = 60*p. Let m be h(1). Let r be m/(-3*(-1)/(-2)). Let g = -19 - r. What is the greatest common factor of g and 7?
7
Let u = 118 - 70. What is the greatest common factor of 72 and u?
24
Let g = -48 + 81. Suppose 5*o - 6 - 49 = 0. What is the greatest common divisor of o and g?
11
Let z(a) = -a**2 - a + 48. Let i be z(0). Let f(h) = -79*h + 79*h + 2*h**2. Let m be f(6). What is the greatest common divisor of m and i?
24
Suppose 2*r - j + 3 = 3*r, 5*j + 17 = 3*r. Suppose s + 5*c + 18 = 0, 0*c = r*s + 2*c. Let u = 13 - 9. Calculate the greatest common factor of s and u.
2
Let f = 93 - 45. Calculate the highest common divisor of f and 6.
6
Let h = 2 - -1. Let v be (-2*h)/(-5 - -4). Suppose 0 = -v*a + a + 280. What is the highest common factor of 7 and a?
7
Let k be (-4 - 36/(-8))/(2/224). Suppose 0 = -w + 2*w - 18. Let n = w - 11. What is the highest common factor of n and k?
7
Let j(b) = 4*b + 1. Let z be j(1). Suppose 46 = 4*h - 4*d - 70, -z*h + 4*d + 142 = 0. Suppose -q = -3*q + h. What is the highest common factor of q and 13?
13
Suppose 0 = -4*x + 3*w + 109, 11*w - 6*w = -5*x + 145. What is the greatest common factor of x and 7?
7
Suppose 6*y = 2*y + 36. Let n(k) = k**2 + k. Let q be n(1). Let b(p) = 40*p + 1. Let h be b(q). What is the highest common divisor of y and h?
9
Let z be 6/(-2)*(-175)/105. Suppose 2*p - 4*i + 5 = 17, -4*p + 5*i + 30 = 0. Let g be (p/(-8))/(3/(-12)). What is the greatest common divisor of z and g?
5
Let c(y) be the second derivative of -y**4/12 - 5*y**3/3 + 4*y**2 + 6*y. Let d be c(-8). Calculate the highest common factor of 8 and d.
8
Let c(q) = 0*q**2 - q + 6 + 8*q + q**2. Let r be c(-6). Suppose r = 2*j - 3 - 1. Calculate the highest common factor of 1 and j.
1
Let k = -10 - -13. Calculate the highest common divisor of 12 and k.
3
Suppose -3*k + 117 = 33. Calculate the highest common divisor of 7 and k.
7
Suppose -3*u + 23 = 3*a - 4, 5*a - 5*u - 35 = 0. What is the greatest common divisor of 8 and a?
8
Let l(g) = 